n 1045 is divided by 82?
61
Calculate the remainder when 258 is divided by 66.
60
What is the remainder when 1249 is divided by 243?
34
Calculate the remainder when 113 is divided by 24.
17
What is the remainder when 986 is divided by 52?
50
Calculate the remainder when 920 is divided by 84.
80
What is the remainder when 25 is divided by 17?
8
What is the remainder when 102 is divided by 12?
6
Calculate the remainder when 37827 is divided by 209.
207
Calculate the remainder when 1400 is divided by 18.
14
What is the remainder when 1194 is divided by 38?
16
What is the remainder when 968 is divided by 17?
16
What is the remainder when 284 is divided by 53?
19
Calculate the remainder when 1823 is divided by 21.
17
What is the remainder when 76 is divided by 8?
4
What is the remainder when 535 is divided by 60?
55
Calculate the remainder when 162 is divided by 89.
73
What is the remainder when 814 is divided by 19?
16
What is the remainder when 19 is divided by 17?
2
What is the remainder when 278 is divided by 35?
33
What is the remainder when 405 is divided by 83?
73
What is the remainder when 1170 is divided by 582?
6
What is the remainder when 1082 is divided by 4?
2
What is the remainder when 116 is divided by 30?
26
What is the remainder when 3373 is divided by 49?
41
Calculate the remainder when 9593 is divided by 26.
25
Calculate the remainder when 1401 is divided by 26.
23
Calculate the remainder when 144 is divided by 72.
0
What is the remainder when 71 is divided by 33?
5
Calculate the remainder when 518 is divided by 22.
12
What is the remainder when 108 is divided by 51?
6
Calculate the remainder when 28585 is divided by 28.
25
What is the remainder when 165 is divided by 31?
10
Calculate the remainder when 1366 is divided by 276.
262
What is the remainder when 489 is divided by 221?
47
Calculate the remainder when 32 is divided by 13.
6
Calculate the remainder when 947 is divided by 25.
22
Calculate the remainder when 557 is divided by 20.
17
Calculate the remainder when 466 is divided by 89.
21
Calculate the remainder when 149 is divided by 10.
9
What is the remainder when 522 is divided by 7?
4
Calculate the remainder when 430 is divided by 24.
22
Calculate the remainder when 230 is divided by 34.
26
Calculate the remainder when 39 is divided by 10.
9
What is the remainder when 727 is divided by 146?
143
Calculate the remainder when 59 is divided by 53.
6
Calculate the remainder when 685 is divided by 52.
9
What is the remainder when 77 is divided by 44?
33
What is the remainder when 2511 is divided by 15?
6
What is the remainder when 683 is divided by 67?
13
Calculate the remainder when 622 is divided by 133.
90
What is the remainder when 1077 is divided by 36?
33
What is the remainder when 304 is divided by 41?
17
What is the remainder when 511 is divided by 16?
15
Calculate the remainder when 6101 is divided by 14.
11
Calculate the remainder when 683 is divided by 86.
81
What is the remainder when 124 is divided by 21?
19
What is the remainder when 5893 is divided by 1962?
7
Calculate the remainder when 281 is divided by 18.
11
Calculate the remainder when 91 is divided by 61.
30
What is the remainder when 64 is divided by 10?
4
Calculate the remainder when 491 is divided by 29.
27
What is the remainder when 2729 is divided by 19?
12
What is the remainder when 1340 is divided by 1313?
27
Calculate the remainder when 615 is divided by 27.
21
Calculate the remainder when 26074 is divided by 41.
39
What is the remainder when 134 is divided by 27?
26
What is the remainder when 34 is divided by 9?
7
What is the remainder when 22 is divided by 1?
0
Calculate the remainder when 317 is divided by 264.
53
Calculate the remainder when 1286 is divided by 15.
11
Calculate the remainder when 1973 is divided by 25.
23
What is the remainder when 29301 is divided by 46?
45
What is the remainder when 6625 is divided by 24?
1
Calculate the remainder when 5966 is divided by 47.
44
Calculate the remainder when 328 is divided by 10.
8
What is the remainder when 1271 is divided by 12?
11
What is the remainder when 629 is divided by 81?
62
What is the remainder when 581 is divided by 49?
42
What is the remainder when 196 is divided by 40?
36
Calculate the remainder when 595 is divided by 25.
20
What is the remainder when 34 is divided by 10?
4
Calculate the remainder when 433 is divided by 19.
15
What is the remainder when 2734 is divided by 76?
74
What is the remainder when 61 is divided by 25?
11
Calculate the remainder when 137 is divided by 42.
11
What is the remainder when 823 is divided by 317?
189
What is the remainder when 85 is divided by 18?
13
What is the remainder when 328 is divided by 65?
3
Calculate the remainder when 49 is divided by 10.
9
What is the remainder when 1934 is divided by 102?
98
Calculate the remainder when 156 is divided by 91.
65
What is the remainder when 9365 is divided by 42?
41
Calculate the remainder when 110 is divided by 37.
36
Calculate the remainder when 250 is divided by 66.
52
What is the remainder when 713 is divided by 102?
101
What is the remainder when 1736 is divided by 108?
8
What is the remainder when 1322 is divided by 73?
8
Calculate the remainder when 32 is divided by 12.
8
Calculate the remainder when 141 is divided by 26.
11
Calculate the remainder when 8709 is divided by 67.
66
Calculate the remainder when 688 is divided by 166.
24
Calculate the remainder when 2000 is divided by 993.
14
Calculate the remainder when 7806 is divided by 73.
68
Calculate the remainder when 85 is divided by 22.
19
Calculate the remainder when 111 is divided by 8.
7
Calculate the remainder when 536 is divided by 9.
5
What is the remainder when 91 is divided by 4?
3
Calculate the remainder when 276 is divided by 10.
6
What is the remainder when 1079 is divided by 134?
7
Calculate the remainder when 835 is divided by 204.
19
What is the remainder when 335 is divided by 46?
13
What is the remainder when 95 is divided by 16?
15
What is the remainder when 90 is divided by 37?
16
Calculate the remainder when 854 is divided by 72.
62
What is the remainder when 6966 is divided by 4?
2
What is the remainder when 511 is divided by 98?
21
Calculate the remainder when 1653 is divided by 1641.
12
What is the remainder when 185 is divided by 21?
17
What is the remainder when 1966 is divided by 8?
6
Calculate the remainder when 90 is divided by 35.
20
What is the remainder when 1960 is divided by 248?
224
What is the remainder when 34 is divided by 13?
8
Calculate the remainder when 1323 is divided by 53.
51
What is the remainder when 385 is divided by 79?
69
What is the remainder when 313 is divided by 10?
3
Calculate the remainder when 64 is divided by 16.
0
What is the remainder when 79 is divided by 44?
35
What is the remainder when 244 is divided by 241?
3
What is the remainder when 825 is divided by 69?
66
What is the remainder when 290 is divided by 72?
2
What is the remainder when 118 is divided by 45?
28
What is the remainder when 1138 is divided by 95?
93
What is the remainder when 53 is divided by 8?
5
Calculate the remainder when 2870 is divided by 99.
98
What is the remainder when 69 is divided by 14?
13
What is the remainder when 554 is divided by 523?
31
Calculate the remainder when 112 is divided by 21.
7
What is the remainder when 247 is divided by 84?
79
Calculate the remainder when 375 is divided by 14.
11
What is the remainder when 1134 is divided by 4?
2
What is the remainder when 840 is divided by 18?
12
Calculate the remainder when 1066 is divided by 176.
10
Calculate the remainder when 162 is divided by 56.
50
What is the remainder when 358 is divided by 18?
16
Calculate the remainder when 31 is divided by 7.
3
What is the remainder when 2989 is divided by 187?
184
What is the remainder when 6439 is divided by 293?
286
Calculate the remainder when 770 is divided by 334.
102
What is the remainder when 160 is divided by 79?
2
Calculate the remainder when 338 is divided by 18.
14
What is the remainder when 553 is divided by 531?
22
Calculate the remainder when 585 is divided by 585.
0
What is the remainder when 294 is divided by 20?
14
Calculate the remainder when 200 is divided by 51.
47
Calculate the rema